 22.
-6
What is 0 + (4 - (10 + 6 + -8) - -3)?
-1
Evaluate (-3 - -4 - 9) + -8 + 17.
1
What is the value of 28 - (-21 - -65) - (-6 - 2)?
-8
What is 0 + 4 - (5 - -12)?
-13
What is the value of -1 + -2 - (-22 - -30)?
-11
What is the value of -35 + (0 + 3 - (15 + -20))?
-27
What is -7 + 11 + -4 - 15?
-15
Calculate 97 + -100 + (-26 - ((-3 - -2) + 4)).
-32
-19 + (23 - (17 - 7))
-6
What is the value of 7 - -6 - (2 + 44 - 27)?
-6
What is 12 + (-8 - (4 + (4 - 11) - 11))?
18
Calculate -17 - (13 + -3 + -21 - -25).
-31
Calculate 10 + ((2 - -3) + -9 - 0).
6
Calculate 2 + -3 + 2 - ((15 - 4) + -11).
1
Evaluate -16 + 23 - 3 - (5 - -10) - 1.
-12
Calculate 4 - (-12 - (-10 + -4 + 3)).
5
Evaluate 31 + (8 - (-11 + -4 + 4 + 23)).
27
What is -27 - (-15 - -4 - (-5 + -6))?
-27
What is the value of -10 - (-41 + 10) - (0 - -10)?
11
Evaluate 10 - (-2 + 14 + 0) - (-17 + -2).
17
-12 + 6 + (-12 - -29)
11
Evaluate (0 - (-9 - 2)) + (-12 - (10 + -18)).
7
Evaluate 9 - -1 - (1720 - 1724).
14
What is (20 - (-1 - (-6 + 2))) + -1 + 9?
25
What is 26 + -21 + 8 + -24?
-11
Evaluate 7 - 16 - -2 - -27.
20
What is the value of -12 - -5 - (-11 - (11 + -16))?
-1
(4 - -13) + 3 + -7
13
Calculate 9 - (-16 + 2 - -9).
14
Evaluate -4 + (0 - 5) - (13 - 26).
4
What is the value of 3 + -26 - -8 - (0 - 3)?
-12
Calculate 6 + (-2 - (-4 + 5 + -3)).
6
What is (-5 - ((8 - -4) + -9)) + -7?
-15
What is the value of 1 + -10 - (31 + -37)?
-3
What is the value of 23 + -27 + (22 - 0)?
18
Calculate -76 + 79 + (-3 - 0 - -11).
11
Calculate -28 + (-14 + 6 - -24).
-12
(8 - 14) + 40 + -55
-21
What is 1 + (2 + -10 + 4 - -4) - 4?
-3
What is (-15 + 1 - -2) + (-54 - 42 - -71)?
-37
14 - (-6 + 6 - (7 - 0 - -3))
24
Evaluate 0 - (2 - 11) - -8.
17
Evaluate (25 - 2) + (12 - 18) + 3 + -7.
13
What is the value of (-3 - -2) + 12 - (-14 - -10)?
15
Evaluate (5 - (-21 + 19 + 1 + -1)) + 8.
15
What is the value of (-12 - 7 - -7) + 8 + 0 + -11?
-15
(4 - 0) + (-128 - -107)
-17
Calculate 0 + 17 + (-12 + 3 - (-53 + 45)).
16
Evaluate (-10 - (-9 - (11 - 21))) + 2 - 0.
-9
What is (3 - 7 - -13) + 23 + 27 + -76?
-17
Calculate (1 - (-10 + -1)) + (-333 - -342).
21
Evaluate (-2 - 8) + 4 + 3 + 3.
0
Evaluate 1 + (-15 - ((-1 - 5) + (10 - 9))).
-9
Evaluate -18 + 28 + -23 + -10.
-23
What is -1 + 9 + (7 - 20) + -1 + -11?
-17
-688 + 670 - (-7 + 0)
-11
Evaluate -1 + -5 + 2 - (6 + (-10 - 7)).
7
What is 9 - (19 - (20 + -9)) - -18?
19
-49 + 61 + 7 + -41
-22
Calculate -9 + 5 - (0 - (-6 - -4)).
-6
(-5 - -7) + -8 + 1
-5
(-2 - (44 - 23)) + -1 + 7
-17
(-3 - -1) + -2 + (-1 - -15) + -15
-5
What is the value of -25 + 37 + -3 + -2?
7
-20 - -6 - (22 + -26 - -6)
-16
Evaluate (0 + 2 + -2 - (-13 + 0)) + 2.
15
-93 - -72 - (11 - 27)
-5
2 - (29 + 4) - -24
-7
What is 20 - 20 - (-2 + -5 + 7)?
0
Calculate 23 + (-20 - -6) + -4.
5
Calculate 14 + -11 + 5 - 7.
1
What is 10 - (24 + (-12 - (-7 + 3)))?
-6
Calculate (-9 - (18 + -32)) + -9 + 1.
-3
What is the value of -24 - (-16 - -22 - 28)?
-2
What is -12 + 44 + (-8 - 7) + -12?
5
What is -30 + 3 + -13 + 42?
2
4 + (2 - 10) + 0 - 8
-12
Evaluate 13 + (5 - 3) + 3 - (148 + -139).
9
Calculate -27 + 7 - (3 + -4) - -4 - 8.
-23
What is the value of 29 - (0 - -26 - (-135 - -147))?
15
What is 3 - ((0 - -1) + (1 + 17 - 14))?
-2
Calculate (-28 - -10) + 12 + (3 - -5).
2
-31 - (-12 + (31 - 30))
-20
Evaluate -34 - (-34 - -71 - 49).
-22
What is 35 + (-32 + 4 - -9)?
16
Evaluate 16 + 1 + 0 + (-11 - (-46 - -38)).
14
Calculate -8 - (1 + 2 - (66 + -63)).
-8
What is -25 + (-6 - -61) + -15?
15
What is the value of 4 + 0 + -4 + 2 + (8 - 9)?
1
-1 + -2 + 28 + 7 + -30
2
Calculate -1 - -4 - (-103 + 92).
14
What is 172 + -186 - ((-3 - 32) + -2)?
23
What is the value of -9 + (5 - (-3 + 0))?
-1
Calculate (0 - -31) + 8 + (39 - 59).
19
Calculate -16 + (9 - -5) + 12.
10
Calculate 1 - 2 - ((14 - -5) + -13) - -32.
25
What is the value of -6 - (-5 + -8 + 2 - 23) - 3?
25
Calculate (-136 - -127) + (-1 + 3 - 10).
-17
144 + -150 + (-1 - 9 - -4)
-12
What is -9 + -4 + 41 + -34 + 15?
9
Evaluate -30 - (-10 - (-1 + -7 + (15 - 16))).
-29
Evaluate (2 - -3) + 15 + -4 + -25.
-9
-6 + -2 + -6 + (3 - 5) - 0
-16
What is (1 - 8) + 20 - 19?
-6
What is the value of (-17 - -28) + -1 - -20 - (-10 - 0)?
40
What is the value of -2 - -8 - 1 - 7?
-2
What is (-11 - -23 - 17) + (7 - 0)?
2
Calculate -1081 + 1084 - (0 - 1 - 12).
16
-26 + 35 - (2 - -2) - (-2 - -7)
0
(0 - -7) + -111 + 103 + -3
-4
7 + 2 - (11 - (3 + -11 + -8))
-18
Evaluate -17 - (-5 - (28 + -14)).
2
(-25 - 0) + (-28 + 7 - -12 - -13)
-21
Calculate (-1 - -7) + -4 + -5 - 7.
-10
What is -2 + 28 - (-25 - -3 - (0 + -20))?
28
What is 20 + -13 + (-3 - -6 - (-2 - -2))?
10
What is the value of (-16 - 0 - (8 + -20 + 13)) + 5?
-12
Calculate (5 - 6) + -4 - ((8 - 11) + -9).
7
What is -34 - -9 - (-19 - 9)?
3
What is the value of -5 - (-14 - -9) - (5 + -5)?
0
Calculate -417 - -419 - (-1 + 9).
-6
What is the value of (8 - (7 + 7)) + 7 - (3 + -13)?
11
What is -16 - (1 + -22) - 24?
-19
What is 15 + -3 + -57 + 28 + 0?
-17
What is the value of 6 + (2 - 3) + (-62 - -63)?
6
What is the value of (-107 - (-23 + -46)) + (1 - -10)?
-27
Evaluate -16 + -2 + (3 + 0 - -3) + 3.
-9
0 - -24 - (1 - -33)
-10
What is (-15 + 52 - 31) + -25?
-19
What is the value of -17 + 29 + -18 - 18?
-24
Calculate 7 - (-1 + -4 + 2 + 0 + 7).
3
What is the value of -5 - ((-16 - (5 + -10)) + 1) - -22?
27
Evaluate -42 - ((-9 - 21) + 17).
-29
Calculate -2 + 36 - (-576 + 632).
-22
Evaluate 21 + -9 + 15 + 3 + -11.
19
What is the value of 6 + (-16 + 26 - 8)?
8
(-2 - -1) + 141 + -129 - 6
5
What is the value of (-23 - -15) + -4 + -3?
-15
What is (-9 - -9 - (7 + -1 + 0)) + 12?
6
Calculate 0 - (-5 - (15 - 12)).
8
What is the value of (-5 - -15) + 27 + -41?
-4
-1 - 10 - -10 - (5 - -1)
-7
Evaluate (24 - 28) + (26 - (8 + -5 + -6)).
25
-36 - -43 - 38 - (-5 + -1)
-25
What is 24 - (22 + 23 + -1)?
-20
-10 - (45 - 27 - 12)
-16
What is the value of -15 + 7 + -1 + 1?
-8
-11 + (-14 - -29) + (5 + -1 - 3)
5
0 + 7 + (-30 - (-35 - 5))
17
Calculate -16 + (-6 + -9 + 11 - -10).
-10
What is 5 + 1 + -14 - (-3 - -2)?
-7
What is the value of (-2 + -20 - -2) + 20?
0
Calculate (23 - (59 - 23)) + 16.
3
-54 + (-29 - -92) - (-1 + -6)
16
What is the value of (-15 - -1) + (113 - 88)?
11
Evaluate -1 + -12 + (23 - 15).
-5
Evaluate 24 - (9 + -15 + 12 + -7 + -2).
27
Evaluate (-4 - -1) + -33 + 31.
-5
Calculate 2 - 7 - (7 + -8 - -1).
-5
Evaluate -8 - ((-5 + -1 - -3) + 36 + -33).
-8
Evaluate 19 + 0 - (291 + -280).
8
What is -26 - (-28 + 28 - 26)?
0
What is -1 - 3 - (-61 + 44 - (-6 - -1))?
8
2 + (-14 - (-4 + -2)) - (14 + -20)
0
What is (454 - 458) + -5 + 0 + 2?
-7
-102 + 82 + 1 + -6 + 3
-22
Calculate -10 + 4 + -5 - (-18 + 9).
-2
Evaluate (7 - -1) + -4 - (-3 - -3) - 37.
-33
What is -10 + 5 + -2 + (-177 - -172)?
-12
What is the value of -2 + 12 - ((-19 - -3) + 4)?
22
What is 31 + -39 + (61 - 25)?
28
What is 3 + 12 + (-12 - (0 - -4) - -9)?
8
Calculate (-6 - -24 - 30) + 11.
-1
What is -15 - (11 + -6) - -11?
-9
Evaluate 0 + 9 + (14 - 16 - (0 - 2)).
9
What is the value of -10 - (-23 - (8 - 7 - -3))?
17
Calculate -7 + 2 - (-661 + 644).
12
Evaluate -23 + (7 - 1) - -8 - 8.
-17
-3 - (3 - 6 - 8)
8
What is the value of 7 + (17 - (0 + 1 + 7))?
16
12 + (-32 - 7) - 5
-32
What is 1 - -3 - ((-12 - 10) + 21)?
5
209 - 247 - (3 + -39)
-2
What is -47 + 18 + 20 + 1?
-8
Evaluate 1 + (21 - (23 + -9)).
8
Calculate -7 + (-12 - -35 - 13).
3
What is the value of 21 + -27 - (-30 + 13 - (0 - 7))?
4
2 - ((10 - 29) + 2 + -8) - 0
27
What is the value of -8 - (10 + (10 - (8 + 9))) - -2?
-9
What is (-26 - -12) + 7 + 30?
23
What is the value of (-11 - -1) + (246 - 241)?
-5
Calculate -1 + (1 + -45 - (29 + -5 + -32)).
-37
Calculate (1 - -4 - (-24 - -11) - 10) + 2.
10
Calculate -6 - 2 - -8 - (1 - -9).
-10
What is (1 - 4) + (-26 - -25) + -8?
-12
(12 - -13 - 4) + -7 + 0
14
Calculate -7 + 6 + 11 + 3.
13
Calculate -16 + -1 + 0 - -15.
-2
What is the value of 14 + -14 - -15 - 1?
14
What is -26 + (115 - 107) + 0 + -2 + -2?
-22
What is 4 - 4 - ((9 - 4) + (4 - 2))?
-7
What is the value of 5 + -16 - (-9 + -8 + 10)?
-4
Calculate -15 + 18 + 10 - (7 + 7 + -4).
3
-3 - (-1 - 1) - (-148 + 145)
2
What is -26 + (12 + -1 - -2)?
-13
What is -1 + -2 + (-5 - -6 - -12)?
10
What is the value of -4 + (-3 - -37) + (-53 - -53) + -5?
25
What is the value of (-52 - (-36 + 16)) + 13?
-19
What is the 